643 = 4*r - t*v, 4*v + 5 = -7. Is r a prime number?
True
Suppose -v = 3*v + 2*c - 12320, 2*v - 6148 = 5*c. Is v prime?
True
Is 11/((-2090)/(-7801172)) - (3/5)/(-3) a composite number?
True
Suppose w = 3*l + 278, 5*l + 158 - 404 = -w. Let o = -192 + w. Is o a composite number?
True
Suppose u + 3*j = 5*u - 11, 0 = 2*j + 10. Is u*(5 + 0) - (-4118 + 2) composite?
False
Let t(u) be the second derivative of u**5/20 + 49*u**4/12 - 4*u**3/3 - 13*u**2/2 - 84*u - 1. Is t(-9) a composite number?
False
Let u be (-2)/(-8) - (-312)/(-96). Let g(i) = 2 - 8*i**3 + 4*i + 3*i - 2*i**3. Is g(u) composite?
False
Let v(g) = g + 3. Let w be v(-2). Let f be (w - 3) + 2 - -4. Suppose -9276 = -4*s + 2*l, -3*s + 7603 = f*l + 668. Is s prime?
False
Let r(d) = -96*d - 336. Let w be r(-16). Suppose 5*c = 3155 + w. Is c composite?
True
Suppose -3*z + 2*g = -10, z - 2*z = 2*g - 6. Suppose 4*u = -x - 4*x + 1667, -5*u + z*x = -2053. Is u prime?
False
Suppose 5*d + 12*x - 160050 - 160927 = 0, 5*d - 321049 = -4*x. Is d prime?
True
Suppose -25*q - 212*q = -114519111. Is q composite?
True
Suppose -3*x = -12, -27 - 1 = -f - 5*x. Let q be 2/(-5) + 70/175. Suppose q = -f*w - w + 4365. Is w a prime number?
False
Let o be (-3 - -1)*(-11)/2. Let c(l) = -127*l - 7. Let h(b) = -625*b - 38. Let k(m) = -11*c(m) + 2*h(m). Is k(o) a prime number?
False
Let q be (24/(-15))/(8/1680). Let y = 631 + q. Is y prime?
False
Suppose 0 = 4*v - 3*h - 871 + 3589, 0 = -2*v - 2*h - 1352. Let n = v + 1411. Is n a composite number?
False
Suppose 0 = 5*a - 3*s - 497435, a + 1022*s = 1025*s + 99487. Is a a prime number?
True
Suppose -20*i + 59288 = -83232. Suppose -i = -2*b + 2*v, 3*b - 8888 - 1793 = -v. Is b a composite number?
True
Suppose -5*b + 185 = -l, -4*l + 4 + 16 = 0. Is (-2 + b + -2)*(-14093)/(-34) composite?
True
Let h(t) = 53*t**2 + 2 - 3 + 18*t - 51*t**2. Let v be h(-9). Is 3*((-1779)/9*v + -2) composite?
False
Suppose -12*y = 1 + 11, -135951 = -5*g - 4*y. Is g prime?
True
Suppose 5*w + 2*u = u + 9, 0 = 4*w - 2*u - 10. Suppose -3*t + 321 = -5*j, -3*j - w*j + 4*t - 323 = 0. Is 3 + -2 - j*6 a composite number?
False
Let r(g) = 21*g**3 - 3*g**2 + 3*g. Suppose 0 = -0*u + 9*u - 18. Let f be r(u). Let d = 581 - f. Is d composite?
False
Suppose -31*g = -16*g - 180. Suppose -g*n + 122522 = -12322. Is n a composite number?
True
Is 134598/9*72/48 prime?
True
Let d be (10/(-25))/((-12)/(-120)). Is (-3)/(-4)*d + 34436 a prime number?
False
Let o(r) = 28*r**2 - 10*r + 37. Let p(y) = -8*y**2 - 49*y - 3. Let d be p(-6). Is o(d) a prime number?
False
Let k be 16/((-2)/(-1))*5/(-4). Is (-46348)/20*(k - (3 + -8)) a composite number?
False
Let r(q) = -q + 24. Let j be r(20). Is ((-12265)/15 - 2)/(j/(-12)) a composite number?
False
Suppose -29*m = -32*m + 10302. Suppose -5*z + 4*n = -17161, n - m = -z - 0*n. Is z a prime number?
True
Let d be 2 - 3 - -3 - -87. Let i = d + -83. Suppose 0 = -y - 3*r + 728, 3*y - i*y + 3*r + 2124 = 0. Is y prime?
False
Let l(v) = 44*v**2 - 3*v + 9. Let s be l(-5). Let o(g) = 3*g**3 - 3*g**2 - g + 3. Let z be o(6). Let y = s - z. Is y a composite number?
False
Let v(c) = 472524*c**2 + 76*c - 77. Is v(1) composite?
False
Suppose 8*o - 6*o + 30 = 0. Is (7962/8 - -2)*(-60)/o a prime number?
True
Suppose 37 + 31 = 34*g. Let l(r) = 141*r**3 + 258*r**3 + 1 + 5*r + 2*r**2 - 2*r - 2*r. Is l(g) prime?
True
Suppose 0 = -3*m - 0*m + 2937. Let o = 2330 - m. Let b = o - 98. Is b a composite number?
True
Let v(a) = -143*a + 61. Let g be (-21)/6*(23 - 3)/5. Is v(g) a composite number?
False
Is (((-154)/(-28))/11)/((6/35848)/3) composite?
True
Let l(b) = 7*b**2 - 3*b - 19. Let g be 6/(-15)*20/(-8). Let r be g/((-4)/(-100)*5). Is l(r) a prime number?
False
Let u = 34 + -29. Suppose -r - 8 = 2*l - u*r, -4*r - 16 = 2*l. Is 4/l*1338/(-4) a prime number?
True
Let s = -119566 - -288159. Is s prime?
False
Let a(w) = -18*w**3 + 13*w**2 + 53*w - 13. Is a(-8) a prime number?
False
Let y(w) = 1586*w + 345. Is y(43) a prime number?
True
Let w be ((-6)/15)/((-8)/992400). Suppose 11*s + w = 23*s. Is s prime?
False
Suppose -17*y + 9*y - 80488 = -16*y. Is y prime?
True
Let i = 16 - -17. Let g = -30 + i. Is (1/g - 0)/(4/3684) prime?
True
Suppose -77*c + 423101 = -70*c. Is c a prime number?
True
Let q(c) = 37*c + 24. Let w be q(-26). Let v = w - -3477. Is v a prime number?
True
Let a = 318 + -313. Suppose 3*q - 3*n - 1 - 29 = 0, 4*q + 3*n - 5 = 0. Suppose -2*c - 2*r = -a*r - 3542, q*c - 8889 = -r. Is c a composite number?
False
Suppose -3*l = 2*q - 4 - 2, -2*l - 3*q = -9. Suppose -2*v - v + 59151 = l. Is v composite?
False
Let p be (20 - 1)/((-3)/15*1). Let s = p + 187. Suppose -s = -h + 17. Is h a prime number?
True
Suppose 36*t - 8497903 = 18*t + 509423. Is t composite?
True
Let y = 305876 - 54987. Is y a prime number?
True
Is 4036216/12 + (-550)/(-330) a composite number?
False
Suppose 9*y + 6720337 = 10*y - 2*l, -6*y + 3*l + 40322094 = 0. Is y composite?
False
Let j(k) = -10*k + 5. Let v be ((186/2)/1 - 1) + 3. Let a be v/(-25) + 0 - (-4)/5. Is j(a) prime?
False
Let g = 3585 - -41308. Is g a composite number?
False
Let o(c) = -c - 3. Let t be o(-11). Suppose -6*w + 14*w = t. Is ((-6153)/6 - 1)*(-3 + w) prime?
True
Suppose 3*n + 41008 = -l, -5*l - 4661 - 9013 = n. Let c = 24286 + n. Is c prime?
False
Let u = 88 - 187. Let o = u + 102. Suppose 3977 - 12585 = -o*k - 5*m, -m = 5*k - 14310. Is k a prime number?
True
Let k = 825 - -2162. Is k a composite number?
True
Let p(a) = -9*a**3 - 4*a**2 - 11*a - 86. Let q be p(-8). Is (q/35)/(4/30) prime?
False
Let q(d) = -3*d**2 + 23*d + 74. Let c be q(-3). Is (-3)/(-2) + (-458909)/c composite?
True
Let k(o) = -992*o + 61. Let z(w) = 5*w**2 + 34*w - 10. Let r be z(-7). Is k(r) a composite number?
False
Suppose 4*q = 246 - 58. Let a = 48 - q. Is (-3 - -4 - a) + 209 a prime number?
False
Let a(b) = 163 - 18*b**2 - 10*b - 139 + 15*b**2 + 26*b**3. Is a(3) composite?
True
Suppose m + 426812 = 3*b, -4*m + 528891 - 102074 = 3*b. Is b prime?
True
Suppose -s - s = 2. Let x be s/(-5) - 1/5. Suppose -7*k + 16*k - 5139 = x. Is k composite?
False
Let z = 123561 + -84608. Is z a composite number?
False
Let k be (56 + -1)/5*232. Suppose -u + 5*n - k = -5*u, 0 = -2*n + 8. Is u prime?
False
Suppose -v - 20 = -n + 10, -3*v - 12 = 0. Suppose -24*c = -n*c + 4666. Is c prime?
True
Let o = -22079 + 61572. Is o composite?
True
Let d = -281 - -1840. Suppose 3*m - d = 2*s, -4*m + 42*s + 2071 = 47*s. Is m a composite number?
True
Suppose 5*l - 9 = 1. Let r be (-3 + 1 - l)*14. Is (-2)/(-7) + 76/r*-226 composite?
False
Let i = -705 + 3332. Is i composite?
True
Let t(f) = 13*f**3 - 155*f**2 + 14*f + 1109. Is t(36) prime?
False
Let y(x) = 2721*x**2 + 18*x + 19. Let j(q) = -q**2 - 19*q + 149. Let h be j(6). Is y(h) a composite number?
True
Suppose 137*v - 91970 = 268*v - 141*v. Is v composite?
True
Let z be (-2)/(-1) + -2 + -568. Let s = z + 2821. Suppose 0 = -3*r + 6*r - s. Is r prime?
True
Let k(g) = 18*g**2 - 6*g - 7. Let y(o) = o**2 + 3*o + 1. Let c(z) = k(z) + 4*y(z). Let b = -3 - -5. Is c(b) prime?
True
Suppose 3*b + 1599 = q, 3*q - 17*b + 14*b = 4797. Let w = q - 910. Let u = 2088 - w. Is u a composite number?
False
Let u(t) = -20*t**2 - 1032*t + 68. Let d be u(-51). Let w = 11422 + -2668. Suppose -d + w = 2*j. Is j prime?
False
Let u be (-1)/(-3) - -2194*3/18. Suppose 3*j - 3963 = u. Suppose -2*n + j = n. Is n composite?
True
Suppose 0 = 4*z + 4 - 20. Let v = 43 + -41. Suppose -z*h - 3*r + 2852 = 0, 3*r + 2*r = -v*h + 1426. Is h a prime number?
False
Let a(k) = 66 + 72*k - 100*k - 266*k + 71. Is a(-10) a composite number?
True
Let p = -82 + 82. Let a be (-18 + 19)/((-2)/(-8) + p). Suppose -5*y + 8188 = g, a*y - 2*y = 5*g + 3259. Is y composite?
False
Let w(u) = 29*u**3 - 3*u**2 + 6*u + 21. Suppose 0 = 2*m + 5*a + 65 - 90, 2*a - 6 = 0. Is w(m) composite?
True
Let b(g) = 5*g**2 + 115*g + 3. Let k be b(-23). Let l(s) = 463*s - 10. Is l(k) a composite number?
True
Suppose 0 = -30*n + 26*n - 2*v + 58492, 3*n + 3*v - 43875 = 0. Is n composite?
False
Suppose 8*b - 4*b - o - 1950362 = 0, 5*b = 3*o + 2437949. Is b a prime number?
False
Let o(y) = -y**3 - 5*y**2 + 6*y + 4. Let t(i) = -i + 1. Let d be t(7). Let n be o(d). Suppose 2*f + 5*q - 42 = 0, 0*q - n = -q. Is f composite?
False
Let j = -3965 + 6268. S